 is the tens digit of w?
4
Let y = -93 - -95. Suppose -792 = -4*b + 2*k, 5*k - y*k - 603 = -3*b. What is the units digit of b?
9
What is the tens digit of ((-6060)/(-35))/(152/45220)?
1
Let d be 19172/(-20) + (-12)/30. Let b = d + 2088. What is the tens digit of b?
2
Let z(i) = i**3 + 10*i**2 - 9*i + 3. Let a(f) = f**3 + 7*f**2 + 13*f + 6. Let w be a(-5). What is the tens digit of z(w)?
6
Suppose -4*n + 8168 = -6*n + 3*n. What is the tens digit of n?
6
Suppose -74 = s + 3*u, -2*s + 3*u - 193 = -0*s. Let h = -2558 + 2582. Let a = h - s. What is the hundreds digit of a?
1
Suppose 11*o - 8 = 15*o, 3*o + 1655 = g. What is the tens digit of g?
4
Suppose -1745762 + 388816 = -218*c + 2303928. What is the thousands digit of c?
6
Suppose 0 = 5*j - 18*j + 195. Suppose -2*r + 7*r = j. What is the hundreds digit of r + (-3 - -22*(-2 + 8))?
1
Suppose -2*h + 17400 = -12*b + 10*b, 2*b = 3*h - 26097. What is the hundreds digit of h?
6
Let p = 73 + -73. Suppose i + 0*i = -p*i. Let l(u) = -3*u + 25. What is the units digit of l(i)?
5
Let h(a) = 941*a**3 + 3*a**2 - 6*a - 1. Let k(n) = -471*n**3 - n**2 + 3*n + 1. Let d(c) = 2*h(c) + 5*k(c). What is the units digit of d(-1)?
4
What is the ten thousands digit of 370392/30 + (-6)/(-10)?
1
Let u be ((-7248)/64)/(3/(-8)). What is the units digit of ((-56)/84)/(1 + u/(-300))?
0
Let s(c) = -471*c - 275. What is the hundreds digit of s(-10)?
4
Let j be 84 - 4 - (0 - 0). Suppose 231 - j = x. Suppose 0 = l - 2*o - x, -l - 580 = -5*l - 4*o. What is the tens digit of l?
4
Let y = 757 + -787. What is the hundreds digit of -6*458*5/y?
4
Suppose -24141 = -12*y + 9*y - 3*a, -4*y = -5*a - 32125. What is the hundreds digit of y?
0
Suppose 3*i + 13 = 2*g, -4*g + 3*i + 14 = i. Suppose -4*v + 2*y = -104, 3*v = -6*y + g*y + 67. Suppose -v = 5*n, 3*u = u - n + 69. What is the units digit of u?
7
Let n = -19 + 21. Suppose -s + 89 = 4*s - y, -s + 16 = -n*y. Let a = -3 + s. What is the units digit of a?
5
Suppose -309*g - 1939502 + 15108464 = 0. What is the units digit of g?
8
Let d = 3546 + 2067. What is the thousands digit of d?
5
Let n = 5858 + -4064. What is the units digit of n?
4
Suppose 0 = 9*d + d. Suppose -k - 934 = -3*y, -3*y + 8*y - 3*k - 1550 = d. What is the hundreds digit of y?
3
Let z(x) = -129*x - 120. Let n be (-2 + 0 + 1)/(23/207). What is the hundreds digit of z(n)?
0
Let r(x) = 9*x**3 + x**2 - 3*x - 3. Let t be r(3). Suppose -2*q - 309 = -5*i, 4*q = 4*i - 0*i - t. Suppose 477 = 4*g - i. What is the hundreds digit of g?
1
Let o be -1*2/5 + 1988/(-5). Let b = -192 - o. What is the hundreds digit of b?
2
What is the tens digit of 1*(-16)/(-14) - 4520960/(-1792)?
2
Let d(n) = n**2 - n - 7. Let s be d(3). What is the tens digit of (s - -27)*5 + -12 + 10?
2
Let t(d) = -d**3 + 12*d + 5478. What is the tens digit of t(0)?
7
Let g(r) be the second derivative of -r**5/20 - r**4/2 + r**3/6 - 2*r**2 + 38*r. Let a be g(-6). What is the tens digit of 202 - (-12)/(a + 4)?
0
Let p = -114 + 118. Suppose 0 = p*o - 2*h - 304 + 90, 4*o - 244 = -4*h. What is the units digit of (-3 - -11)/(-2) + o?
2
Let m = 313 - 232. Suppose -15 = -4*d + m. What is the units digit of d?
4
Suppose -4*h = -100690 - 38353 - 13625. What is the hundreds digit of h?
1
Suppose 1966 = 4*r - 26*n + 32*n, 4*n = r - 519. What is the hundreds digit of r?
4
Suppose -2*u + 14028 = -4*j, -3*u + 7*j + 21033 = 4*j. What is the thousands digit of u?
7
Suppose 52*p - 48*p = -84. Let j = p + 35. Suppose 4 = -2*z + j, -z = d - 102. What is the units digit of d?
7
Let g = -179 - -184. Suppose 5*s = 2*q - 79, 0 = -g*q + 3*s + 314 - 69. What is the units digit of q?
2
Suppose -5*s = 3*a + 8, -4*a = a - s - 24. Suppose -5*i + 2*p - a = 0, -i - 3 - 1 = -2*p. Suppose i = -c + 78 + 88. What is the hundreds digit of c?
1
Let y(h) = 18*h**3 - 7*h**2 + 19*h - 90. What is the thousands digit of y(7)?
5
Let c(y) = -y**3 + 10*y**2 - 19*y + 24. Let a be c(6). What is the tens digit of (-13650)/(-16) - (-1 + a/48)?
5
Let q = -79806 + 122817. What is the thousands digit of q?
3
Suppose 121 = 8*i - 7*i. Let f(s) = 43*s - 15. Let x be f(8). Suppose 8*q - x = -i. What is the units digit of q?
6
Suppose -10009 = -2*n + 16435. What is the ten thousands digit of n?
1
Let s(p) = -77*p - 14. Let m be ((-30)/8)/((-18)/72). Suppose 11 = 2*r + m. What is the hundreds digit of s(r)?
1
Let g(r) = 77*r - 2. Let n be g(-2). Let h(t) = 496*t - 5536. Let f be h(11). Let k = f - n. What is the tens digit of k?
7
Suppose -2*p - f + 14 = 0, -2*p + f + 10 = -8. Let k(b) = 42*b - 76. What is the tens digit of k(p)?
6
What is the hundreds digit of (2 - -1499)/((-216)/(-120) + (-4)/5)?
5
Suppose 700583 = 53*j - 21*j - 744889. What is the units digit of j?
1
Suppose 172 - 700 = -4*b. Suppose u + 74 - 1 = 0. Let z = b + u. What is the tens digit of z?
5
Let s = 82146 - 44496. What is the ten thousands digit of s?
3
Let l(a) = a**3 + 50*a**2 + 91*a + 373. What is the hundreds digit of l(-38)?
2
Let r(c) = -1383*c + 1096. What is the tens digit of r(-12)?
9
Suppose 5*x = -29*j + 31*j + 28560, -5*j - 17136 = -3*x. What is the tens digit of x?
1
Let a = 2590 - -2224. What is the units digit of a?
4
Suppose 0 = -2*h + 5*k - 11, -13*h + 17 = -9*h + 3*k. What is the units digit of ((-1)/h)/(23/(-3450))?
5
Suppose 3*x - 3*p - 17 = x, 4*x - 13 = -p. Suppose 0 = 4*s + 3*c + 19, -3*s = -0*c - x*c + 8. What is the units digit of 1 - s/(-6) - (-268)/6?
5
Let w be (6/5)/((-6)/(-30)). Suppose -w = 3*j + 3*j. What is the hundreds digit of (-59)/((-2)/(-1)*j/6)?
1
Let b be (-4)/(-1) + 11967/(-3). Let y = 5591 + b. What is the units digit of y/18 + 22/(-99)?
9
Let j = 4229 - 3650. What is the tens digit of j?
7
Let o = 495 + -493. What is the hundreds digit of (645 - 53)*o/4?
2
Suppose 52*v - 165372 - 99228 = -20*v. What is the tens digit of v?
7
What is the thousands digit of ((-13694)/5 - 2)*(-180)/72?
6
Let v(q) = -14*q**3 - 36*q**2 + 5*q + 200. What is the ten thousands digit of v(-15)?
3
Let o(d) = -16*d**3 + 6*d**2 + 120*d - 24. What is the ten thousands digit of o(-14)?
4
Suppose -5*h - i - 213 = 0, 4*h + 36 = 2*i - 126. What is the units digit of 6/(-21) - 2784/h?
6
Let o = 6209 - 1926. What is the tens digit of o?
8
Let r = 43 - 43. Suppose r = 4*v - 5 - 3, -p = -v - 568. What is the hundreds digit of p?
5
Let n(q) = 4*q - 20. Let o = 15 + -13. Suppose -l = -h - 7, -3*l - o*h = -6*l + 25. What is the tens digit of n(l)?
2
What is the units digit of ((-108)/16)/(132176/264448 + (-4)/8)?
8
Let a(k) = -191*k - 715. What is the hundreds digit of a(-34)?
7
Let o(t) = -t**2 + 24*t - 104. Let r be o(6). What is the hundreds digit of (11/((-110)/r))/((-6)/3270)?
2
Suppose n + 3*x - 3111 = 0, -159*n - 3*x - 12519 = -163*n. What is the thousands digit of n?
3
Let z(h) = -6*h - 13. Let r(s) = -s. Let m(g) = 3*r(g) + z(g). Let t be m(-2). Suppose -u = 5*w - w - 34, -t*u + 2*w = -126. What is the tens digit of u?
2
Let i be (-8)/28 + (-5)/((-35)/4426). Suppose -i = -52*o + 48*o. Suppose -4*w = -5*j + 222, -3*j - 14 + o = 3*w. What is the units digit of j?
6
Suppose -3*c = -7*c - 20. Let f be (16 - c)/((-3)/(-2)). Suppose -7 = v - f. What is the units digit of v?
7
Suppose -4*q + 27 = -5*d - 9, 0 = 5*q + 3*d - 45. Suppose -q*i - 10*i = -1843. What is the tens digit of i?
9
Suppose -20*v = -3*w - 35456, -w + 7104 = 10*v - 6*v. What is the hundreds digit of v?
7
Suppose -831 + 103 = 7*g. Let b = 103 + g. Let w(u) = 258*u**2 - 3*u - 1. What is the units digit of w(b)?
0
Suppose 112*p + 5704577 = 343*p - 5341150. What is the ten thousands digit of p?
4
Let z be (-5112)/60 + (-2)/(-10). Let u = z + 247. What is the units digit of u?
2
Suppose 8 + 4 = 4*w. Let j be (w/3)/((-2)/(-386)). Let s = 273 - j. What is the units digit of s?
0
Let h(i) = -278*i**3 - 6*i**2 + 211*i + 1380. What is the tens digit of h(-6)?
4
Suppose 2*s - 35 = -5*s. Suppose -10*x + 13*x - 435 = s*t, -453 = -3*x - t. What is the tens digit of x?
5
Suppose -4*o = -c - 41531, 6551 = 3*o + 2*c - 24589. What is the hundreds digit of o?
3
Suppose 140557 = 9*m - 177*m + 1942189. What is the thousands digit of m?
0
Suppose -16464 = -4*r - 4*x, 5*r - 14867 - 5767 = 4*x. What is the thousands digit of r?
4
Let s = 24 + -27. Let n be -1*(s - (2 + -4))*-103. Let i = -58 - n. What 